{"id":427,"date":"2019-10-28T10:39:59","date_gmt":"2019-10-28T10:39:59","guid":{"rendered":"https:\/\/federleichtinharmonie.de\/?page_id=427"},"modified":"2020-03-30T17:24:59","modified_gmt":"2020-03-30T15:24:59","slug":"energetische-behandlung-von-kindern-jugendlichen","status":"publish","type":"page","link":"https:\/\/federleichtinharmonie.de\/?page_id=427","title":{"rendered":"Energetische Behandlung von Kindern"},"content":{"rendered":"\n<div class=\"wp-block-image\"><figure class=\"aligncenter is-resized\"><img loading=\"lazy\" src=\"https:\/\/federleichtinharmonie.de\/wp-content\/uploads\/2019\/11\/Energetische-Behandlung-1024x257.png\" alt=\"\" class=\"wp-image-719\" width=\"570\" height=\"140\"\/><\/figure><\/div>\n\n\n\n<p><\/p>\n\n\n\n<p><\/p>\n\n\n\n<p style=\"font-size:18px\" class=\"has-text-align-left\">Die empfindlichen Kinderseelen tragen sehr oft Energien f\u00fcr ihre Eltern. Dadurch k\u00f6nnen sich k\u00f6rperliche Probleme oder Verhaltensst\u00f6rungen zeigen. Stagnation, Probleme im allt\u00e4glichen Lebensablauf sorgen f\u00fcr Verwirrung bei unseren kleinen Seelen. <br>Der Tod eines geliebten Menschen, des geliebten Haustieres oder die Trennung der Eltern k\u00f6nnen f\u00fcr Verwirrung sorgen.<\/p>\n\n\n\n<p style=\"font-size:18px\" class=\"has-text-align-left\">Auf sanfte &amp; liebevolle Weise l\u00f6se ich Blockaden, \u00c4ngste, Traumata, so dass die kleine Kinderseele wieder das Kind sein kann, wo es seinen weiten Raum des Bewusstseins wahrnehmen kann.<\/p>\n\n\n\n<p style=\"font-size:18px\" class=\"has-text-align-left\">Heilung geschieht auf nicht definierten &amp; lichtvollen Ebenen. Es ist ein Geschenk zu sehen, welche Erstarrungen &amp; Vereisungen sich l\u00f6sen d\u00fcrfen. F\u00fcr die therapeutische Heilung eignet sich ein Seelentr\u00f6ster ganz besonders gut. Weitere wertvolle Informationen dazu, findest du in meinem Shop.<\/p>\n\n\n\n<p style=\"font-size:18px\" class=\"has-text-align-left\">Entdeckt in Familie eure Lebenskraft neu.<br><\/p>\n\n\n\n<div class=\"wp-block-button aligncenter\"><a class=\"wp-block-button__link\" href=\"https:\/\/federleichtinharmonie.myshopify.com\/products\/energetische-heilbehandlung-von-kindern-jugendlichen\">Zum Shop<\/a><\/div>\n\n\n\n<p><\/p>\n\n\n\n<p style=\"font-size:18px\" class=\"has-text-align-left\">Zur Anmeldung, Fragen zu Terminen oder Abl\u00e4ufen nutze bitte das Kontaktformular oder rufe mich gerne an. Die erste Beratungsstunde ist kostenlos.<\/p>\n\n\n\n<div class=\"wp-block-button aligncenter\"><a class=\"wp-block-button__link\" href=\"https:\/\/federleichtinharmonie.de\/?page_id=262\">Kontaktformular<\/a><\/div>\n\n\n\n<p><\/p>\n\n\n\n<p style=\"font-size:14px\" class=\"has-text-align-left\">*Ich weise darauf hin, dass meine mediale Heilarbeit ausschliesslich der Aktivierung von Selbstheilungskr\u00e4ften dient und nicht den Besuch oder die Behandlung bei einem Arzt oder Heilpraktiker ersetzt.<\/p>\n\n\n\n<p><\/p>\n\n\n\n<div style=\"height:100px\" aria-hidden=\"true\" class=\"wp-block-spacer\"><\/div>\n\n\n\n<html>\n\n<head>\n<meta http-equiv=Content-Type content=\"text\/html; charset=windows-1252\">\n<meta name=Generator content=\"Microsoft Word 15 (filtered)\">\n<style>\n<!--\n \/* Font Definitions *\/\n @font-face\n\t{font-family:\"Cambria Math\";\n\tpanose-1:2 4 5 3 5 4 6 3 2 4;}\n@font-face\n\t{font-family:Calibri;\n\tpanose-1:2 15 5 2 2 2 4 3 2 4;}\n \/* Style Definitions *\/\n p.MsoNormal, li.MsoNormal, div.MsoNormal\n\t{margin-top:0cm;\n\tmargin-right:0cm;\n\tmargin-bottom:8.0pt;\n\tmargin-left:0cm;\n\tline-height:107%;\n\tfont-size:11.0pt;\n\tfont-family:\"Calibri\",sans-serif;}\na:link, span.MsoHyperlink\n\t{color:#0563C1;\n\ttext-decoration:underline;}\na:visited, span.MsoHyperlinkFollowed\n\t{color:#954F72;\n\ttext-decoration:underline;}\n.MsoChpDefault\n\t{font-family:\"Calibri\",sans-serif;}\n.MsoPapDefault\n\t{margin-bottom:8.0pt;\n\tline-height:107%;}\n@page WordSection1\n\t{size:595.3pt 841.9pt;\n\tmargin:70.85pt 70.85pt 2.0cm 70.85pt;}\ndiv.WordSection1\n\t{page:WordSection1;}\n-->\n<\/style>\n\n<\/head>\n\n<body lang=DE link=\"#0563C1\" vlink=\"#954F72\">\n\n<div class=WordSection1>\n\n<p class=MsoNormal align=center style='text-align:center'><a\nhref=\"https:\/\/federleichtinharmonie.de\/?page_id=125\">Datenschutzerkl\u00e4rung<\/a>\u00a0\u00a0\u00a0\u00a0\u00a0\u00a0\u00a0\u00a0\u00a0\u00a0\u00a0\u00a0\u00a0\u00a0\u00a0\u00a0\u00a0 <a\nhref=\"https:\/\/federleichtinharmonie.de\/?page_id=216\">Impressum<\/a><\/p>\n\n<\/div>\n\n<\/body>\n\n<\/html>\n\n\n\n<p><br><\/p>\n\n\n\n<p><br><br><\/p>\n","protected":false},"excerpt":{"rendered":"<p>Die empfindlichen Kinderseelen tragen sehr oft Energien f\u00fcr ihre Eltern. Dadurch k\u00f6nnen sich k\u00f6rperliche Probleme oder Verhaltensst\u00f6rungen zeigen. Stagnation, Probleme im allt\u00e4glichen Lebensablauf sorgen f\u00fcr Verwirrung bei unseren kleinen Seelen. Der Tod eines geliebten Menschen, des geliebten Haustieres oder die Trennung der Eltern k\u00f6nnen f\u00fcr Verwirrung sorgen. Auf sanfte &amp;&#8230;<\/p>\n","protected":false},"author":1,"featured_media":0,"parent":203,"menu_order":0,"comment_status":"closed","ping_status":"closed","template":"templates\/full-width-page.php","meta":[],"yoast_head":"<!-- This site is optimized with the Yoast SEO plugin v17.9 - https:\/\/yoast.com\/wordpress\/plugins\/seo\/ -->\n<title>Energetische Behandlung von Kindern - Federleicht in Harmonie<\/title>\n<meta name=\"robots\" content=\"index, follow, max-snippet:-1, max-image-preview:large, max-video-preview:-1\" \/>\n<link rel=\"canonical\" href=\"https:\/\/federleichtinharmonie.de\/?page_id=427\" \/>\n<meta property=\"og:locale\" content=\"de_DE\" \/>\n<meta property=\"og:type\" content=\"article\" \/>\n<meta property=\"og:title\" content=\"Energetische Behandlung von Kindern - Federleicht in Harmonie\" \/>\n<meta property=\"og:description\" content=\"Die empfindlichen Kinderseelen tragen sehr oft Energien f\u00fcr ihre Eltern. Dadurch k\u00f6nnen sich k\u00f6rperliche Probleme oder Verhaltensst\u00f6rungen zeigen. Stagnation, Probleme im allt\u00e4glichen Lebensablauf sorgen f\u00fcr Verwirrung bei unseren kleinen Seelen. Der Tod eines geliebten Menschen, des geliebten Haustieres oder die Trennung der Eltern k\u00f6nnen f\u00fcr Verwirrung sorgen. Auf sanfte &amp;...\" \/>\n<meta property=\"og:url\" content=\"https:\/\/federleichtinharmonie.de\/?page_id=427\" \/>\n<meta property=\"og:site_name\" content=\"Federleicht in Harmonie\" \/>\n<meta property=\"article:publisher\" content=\"https:\/\/www.facebook.com\/Federleichtinharmonie\/\" \/>\n<meta property=\"article:modified_time\" content=\"2020-03-30T15:24:59+00:00\" \/>\n<meta property=\"og:image\" content=\"https:\/\/federleichtinharmonie.de\/wp-content\/uploads\/2019\/11\/Energetische-Behandlung-1024x257.png\" \/>\n<meta name=\"twitter:card\" content=\"summary_large_image\" \/>\n<meta name=\"twitter:label1\" content=\"Gesch\u00e4tzte Lesezeit\" \/>\n\t<meta name=\"twitter:data1\" content=\"1\u00a0Minute\" \/>\n<script type=\"application\/ld+json\" class=\"yoast-schema-graph\">{\"@context\":\"https:\/\/schema.org\",\"@graph\":[{\"@type\":\"WebSite\",\"@id\":\"https:\/\/federleichtinharmonie.de\/#website\",\"url\":\"https:\/\/federleichtinharmonie.de\/\",\"name\":\"Federleicht in Harmonie\",\"description\":\"\",\"potentialAction\":[{\"@type\":\"SearchAction\",\"target\":{\"@type\":\"EntryPoint\",\"urlTemplate\":\"https:\/\/federleichtinharmonie.de\/?s={search_term_string}\"},\"query-input\":\"required name=search_term_string\"}],\"inLanguage\":\"de\"},{\"@type\":\"ImageObject\",\"@id\":\"https:\/\/federleichtinharmonie.de\/?page_id=427#primaryimage\",\"inLanguage\":\"de\",\"url\":\"https:\/\/federleichtinharmonie.de\/wp-content\/uploads\/2019\/11\/Energetische-Behandlung.png\",\"contentUrl\":\"https:\/\/federleichtinharmonie.de\/wp-content\/uploads\/2019\/11\/Energetische-Behandlung.png\",\"width\":3543,\"height\":888},{\"@type\":\"WebPage\",\"@id\":\"https:\/\/federleichtinharmonie.de\/?page_id=427#webpage\",\"url\":\"https:\/\/federleichtinharmonie.de\/?page_id=427\",\"name\":\"Energetische Behandlung von Kindern - Federleicht in Harmonie\",\"isPartOf\":{\"@id\":\"https:\/\/federleichtinharmonie.de\/#website\"},\"primaryImageOfPage\":{\"@id\":\"https:\/\/federleichtinharmonie.de\/?page_id=427#primaryimage\"},\"datePublished\":\"2019-10-28T10:39:59+00:00\",\"dateModified\":\"2020-03-30T15:24:59+00:00\",\"breadcrumb\":{\"@id\":\"https:\/\/federleichtinharmonie.de\/?page_id=427#breadcrumb\"},\"inLanguage\":\"de\",\"potentialAction\":[{\"@type\":\"ReadAction\",\"target\":[\"https:\/\/federleichtinharmonie.de\/?page_id=427\"]}]},{\"@type\":\"BreadcrumbList\",\"@id\":\"https:\/\/federleichtinharmonie.de\/?page_id=427#breadcrumb\",\"itemListElement\":[{\"@type\":\"ListItem\",\"position\":1,\"name\":\"Startseite\",\"item\":\"https:\/\/federleichtinharmonie.de\/\"},{\"@type\":\"ListItem\",\"position\":2,\"name\":\"Mein Angebot\",\"item\":\"https:\/\/federleichtinharmonie.de\/?page_id=203\"},{\"@type\":\"ListItem\",\"position\":3,\"name\":\"Energetische Behandlung von Kindern\"}]}]}<\/script>\n<!-- \/ Yoast SEO plugin. -->","yoast_head_json":{"title":"Energetische Behandlung von Kindern - Federleicht in Harmonie","robots":{"index":"index","follow":"follow","max-snippet":"max-snippet:-1","max-image-preview":"max-image-preview:large","max-video-preview":"max-video-preview:-1"},"canonical":"https:\/\/federleichtinharmonie.de\/?page_id=427","og_locale":"de_DE","og_type":"article","og_title":"Energetische Behandlung von Kindern - Federleicht in Harmonie","og_description":"Die empfindlichen Kinderseelen tragen sehr oft Energien f\u00fcr ihre Eltern. Dadurch k\u00f6nnen sich k\u00f6rperliche Probleme oder Verhaltensst\u00f6rungen zeigen. Stagnation, Probleme im allt\u00e4glichen Lebensablauf sorgen f\u00fcr Verwirrung bei unseren kleinen Seelen. Der Tod eines geliebten Menschen, des geliebten Haustieres oder die Trennung der Eltern k\u00f6nnen f\u00fcr Verwirrung sorgen. Auf sanfte &amp;...","og_url":"https:\/\/federleichtinharmonie.de\/?page_id=427","og_site_name":"Federleicht in Harmonie","article_publisher":"https:\/\/www.facebook.com\/Federleichtinharmonie\/","article_modified_time":"2020-03-30T15:24:59+00:00","og_image":[{"url":"https:\/\/federleichtinharmonie.de\/wp-content\/uploads\/2019\/11\/Energetische-Behandlung-1024x257.png"}],"twitter_card":"summary_large_image","twitter_misc":{"Gesch\u00e4tzte Lesezeit":"1\u00a0Minute"},"schema":{"@context":"https:\/\/schema.org","@graph":[{"@type":"WebSite","@id":"https:\/\/federleichtinharmonie.de\/#website","url":"https:\/\/federleichtinharmonie.de\/","name":"Federleicht in Harmonie","description":"","potentialAction":[{"@type":"SearchAction","target":{"@type":"EntryPoint","urlTemplate":"https:\/\/federleichtinharmonie.de\/?s={search_term_string}"},"query-input":"required name=search_term_string"}],"inLanguage":"de"},{"@type":"ImageObject","@id":"https:\/\/federleichtinharmonie.de\/?page_id=427#primaryimage","inLanguage":"de","url":"https:\/\/federleichtinharmonie.de\/wp-content\/uploads\/2019\/11\/Energetische-Behandlung.png","contentUrl":"https:\/\/federleichtinharmonie.de\/wp-content\/uploads\/2019\/11\/Energetische-Behandlung.png","width":3543,"height":888},{"@type":"WebPage","@id":"https:\/\/federleichtinharmonie.de\/?page_id=427#webpage","url":"https:\/\/federleichtinharmonie.de\/?page_id=427","name":"Energetische Behandlung von Kindern - Federleicht in Harmonie","isPartOf":{"@id":"https:\/\/federleichtinharmonie.de\/#website"},"primaryImageOfPage":{"@id":"https:\/\/federleichtinharmonie.de\/?page_id=427#primaryimage"},"datePublished":"2019-10-28T10:39:59+00:00","dateModified":"2020-03-30T15:24:59+00:00","breadcrumb":{"@id":"https:\/\/federleichtinharmonie.de\/?page_id=427#breadcrumb"},"inLanguage":"de","potentialAction":[{"@type":"ReadAction","target":["https:\/\/federleichtinharmonie.de\/?page_id=427"]}]},{"@type":"BreadcrumbList","@id":"https:\/\/federleichtinharmonie.de\/?page_id=427#breadcrumb","itemListElement":[{"@type":"ListItem","position":1,"name":"Startseite","item":"https:\/\/federleichtinharmonie.de\/"},{"@type":"ListItem","position":2,"name":"Mein Angebot","item":"https:\/\/federleichtinharmonie.de\/?page_id=203"},{"@type":"ListItem","position":3,"name":"Energetische Behandlung von Kindern"}]}]}},"_links":{"self":[{"href":"https:\/\/federleichtinharmonie.de\/index.php?rest_route=\/wp\/v2\/pages\/427"}],"collection":[{"href":"https:\/\/federleichtinharmonie.de\/index.php?rest_route=\/wp\/v2\/pages"}],"about":[{"href":"https:\/\/federleichtinharmonie.de\/index.php?rest_route=\/wp\/v2\/types\/page"}],"author":[{"embeddable":true,"href":"https:\/\/federleichtinharmonie.de\/index.php?rest_route=\/wp\/v2\/users\/1"}],"replies":[{"embeddable":true,"href":"https:\/\/federleichtinharmonie.de\/index.php?rest_route=%2Fwp%2Fv2%2Fcomments&post=427"}],"version-history":[{"count":33,"href":"https:\/\/federleichtinharmonie.de\/index.php?rest_route=\/wp\/v2\/pages\/427\/revisions"}],"predecessor-version":[{"id":868,"href":"https:\/\/federleichtinharmonie.de\/index.php?rest_route=\/wp\/v2\/pages\/427\/revisions\/868"}],"up":[{"embeddable":true,"href":"https:\/\/federleichtinharmonie.de\/index.php?rest_route=\/wp\/v2\/pages\/203"}],"wp:attachment":[{"href":"https:\/\/federleichtinharmonie.de\/index.php?rest_route=%2Fwp%2Fv2%2Fmedia&parent=427"}],"curies":[{"name":"wp","href":"https:\/\/api.w.org\/{rel}","templated":true}]}}